 to base 10.
5
Convert -4 (base 15) to base 6.
-4
-232 (base 4) to base 12
-3a
Convert 10 (base 4) to base 2.
100
Convert 42 (base 16) to base 13.
51
Convert -502 (base 6) to base 13.
-110
What is b (base 16) in base 5?
21
Convert -2 (base 5) to base 16.
-2
2 (base 3) to base 9
2
What is 12 (base 3) in base 13?
5
What is 4 (base 14) in base 8?
4
Convert 89 (base 14) to base 8.
171
-244 (base 6) to base 2
-1100100
What is -24 (base 16) in base 13?
-2a
What is 0 (base 14) in base 13?
0
What is 7 (base 9) in base 15?
7
What is -3 (base 12) in base 13?
-3
What is 13 (base 5) in base 9?
8
-11 (base 4) to base 12
-5
7 (base 10) to base 11
7
Convert 50 (base 10) to base 14.
38
231 (base 9) to base 12
13a
0 (base 3) to base 16
0
-16 (base 9) to base 7
-21
0 (base 16) to base 11
0
What is -1 (base 11) in base 2?
-1
What is 22 (base 8) in base 15?
13
Convert 28 (base 16) to base 10.
40
Convert -121 (base 7) to base 4.
-1000
-25 (base 12) to base 7
-41
-100 (base 3) to base 7
-12
Convert -22 (base 3) to base 16.
-8
What is 21 (base 11) in base 7?
32
What is 5 (base 16) in base 14?
5
-1 (base 4) to base 2
-1
What is 23 (base 4) in base 10?
11
What is 3 (base 14) in base 2?
11
Convert -101 (base 5) to base 13.
-20
Convert 17 (base 13) to base 3.
202
What is 3 (base 4) in base 11?
3
a (base 14) to base 15
a
What is -51 (base 8) in base 6?
-105
What is 57 (base 8) in base 13?
38
453 (base 6) to base 13
108
Convert 111 (base 2) to base 5.
12
Convert 2 (base 16) to base 10.
2
Convert 4 (base 9) to base 11.
4
-104 (base 8) to base 10
-68
What is 75 (base 14) in base 16?
67
What is -4 (base 13) in base 15?
-4
Convert 4 (base 9) to base 7.
4
What is 0 (base 11) in base 3?
0
What is -3 (base 4) in base 10?
-3
Convert -111 (base 2) to base 9.
-7
What is -50 (base 10) in base 13?
-3b
Convert 4 (base 11) to base 5.
4
Convert -11 (base 2) to base 15.
-3
Convert -a6 (base 11) to base 10.
-116
What is -3 (base 16) in base 14?
-3
Convert -44 (base 6) to base 16.
-1c
Convert -26 (base 7) to base 6.
-32
What is -4 (base 9) in base 6?
-4
-1 (base 9) to base 6
-1
-2 (base 4) to base 15
-2
What is 263 (base 9) in base 11?
18a
72 (base 11) to base 3
2221
72 (base 12) to base 16
56
-15 (base 14) to base 11
-18
-2 (base 4) to base 14
-2
9 (base 11) to base 2
1001
What is 2 (base 6) in base 14?
2
Convert -2e (base 15) to base 6.
-112
13d (base 16) to base 10
317
Convert 100 (base 2) to base 4.
10
What is 1 (base 13) in base 9?
1
Convert 148 (base 14) to base 3.
100122
Convert 10 (base 4) to base 6.
4
What is -26 (base 12) in base 6?
-50
2 (base 16) to base 14
2
Convert -150 (base 13) to base 9.
-280
Convert -4b (base 15) to base 12.
-5b
23 (base 9) to base 13
18
What is 221 (base 3) in base 14?
1b
Convert -24 (base 10) to base 16.
-18
24 (base 12) to base 3
1001
Convert -1 (base 11) to base 4.
-1
Convert 18 (base 14) to base 5.
42
2 (base 11) to base 8
2
-5 (base 14) to base 7
-5
What is 3 (base 16) in base 10?
3
What is -51 (base 11) in base 14?
-40
Convert 2 (base 8) to base 11.
2
0 (base 2) to base 13
0
What is -6 (base 9) in base 16?
-6
Convert 1110 (base 3) to base 7.
54
What is 7 (base 13) in base 5?
12
Convert 37 (base 15) to base 4.
310
Convert -13 (base 7) to base 6.
-14
1a (base 14) to base 13
1b
10 (base 4) to base 6
4
Convert -110 (base 6) to base 5.
-132
What is 0 (base 16) in base 6?
0
What is -12 (base 3) in base 12?
-5
-14e (base 15) to base 9
-362
25 (base 6) to base 9
18
-13 (base 8) to base 9
-12
What is 23 (base 8) in base 4?
103
Convert 33 (base 12) to base 4.
213
What is 1 (base 11) in base 3?
1
-4 (base 6) to base 8
-4
Convert -63 (base 16) to base 3.
-10200
13 (base 15) to base 12
16
1 (base 2) to base 8
1
Convert 5 (base 8) to base 13.
5
-3 (base 12) to base 11
-3
-3 (base 7) to base 10
-3
Convert -5 (base 11) to base 6.
-5
1122 (base 4) to base 8
132
0 (base 5) to base 7
0
Convert 2 (base 13) to base 15.
2
Convert b0 (base 13) to base 6.
355
Convert -24 (base 6) to base 5.
-31
-15 (base 8) to base 9
-14
What is -4 (base 12) in base 10?
-4
-20 (base 8) to base 9
-17
4 (base 8) to base 12
4
What is -7 (base 10) in base 7?
-10
Convert 3 (base 8) to base 16.
3
-10 (base 15) to base 8
-17
-230 (base 5) to base 8
-101
Convert 133 (base 5) to base 3.
1121
Convert 2 (base 6) to base 13.
2
What is 104 (base 7) in base 3?
1222
What is 147 (base 16) in base 4?
11013
Convert 2 (base 11) to base 8.
2
-145 (base 9) to base 8
-172
-4 (base 15) to base 13
-4
Convert -26 (base 7) to base 3.
-202
Convert -9 (base 15) to base 12.
-9
What is -111 (base 8) in base 14?
-53
-33 (base 4) to base 16
-f
Convert -1 (base 10) to base 6.
-1
1 (base 2) to base 7
1
-144 (base 5) to base 14
-37
What is 20 (base 14) in base 12?
24
Convert -6 (base 9) to base 12.
-6
Convert -224 (base 5) to base 6.
-144
Convert -32 (base 7) to base 15.
-18
Convert 2 (base 13) to base 14.
2
25 (base 10) to base 14
1b
Convert 10 (base 3) to base 15.
3
What is -92 (base 12) in base 11?
-a0
What is -58 (base 15) in base 6?
-215
Convert 1cb (base 13) to base 12.
240
What is -48 (base 9) in base 13?
-35
What is 1 (base 16) in base 4?
1
-13 (base 13) to base 16
-10
31 (base 7) to base 4
112
243 (base 8) to base 7
322
-121 (base 4) to base 11
-23
Convert -20 (base 3) to base 16.
-6
Convert 221 (base 3) to base 9.
27
What is -2 (base 12) in base 10?
-2
-1 (base 15) to base 14
-1
Convert -23 (base 12) to base 13.
-21
0 (base 13) to base 9
0
What is 114 (base 5) in base 8?
42
What is -4 (base 11) in base 4?
-10
What is -12 (base 12) in base 7?
-20
Convert 2 (base 7) to base 16.
2
What is -72 (base 14) in base 5?
-400
-12 (base 12) to base 9
-15
What is -30 (base 12) in base 7?
-51
3 (base 14) to base 12
3
What is 302 (base 4) in base 14?
38
Convert 11 (base 3) to base 2.
100
-44 (base 9) to base 3
-1111
Convert -5 (base 16) to base 12.
-5
What is 12 (base 5) in base 3?
21
What is 3 (base 9) in base 12?
3
Convert -10011010 (base 2) to base 8.
-232
Convert 24 (base 14) to base 4.
200
-222 (base 11) to base 12
-1a2
-44 (base 7) to base 5
-112
-4 (base 6) to base 2
-100
244 (base 5) to base 11
68
What is 5 (base 13) in base 15?
5
What is 30 (base 6) in base 5?
33
What is 2 (base 10) in base 12?
2
What is -1103 (base 4) in base 2?
-1010011
-121 (base 3) to base 9
-17
What is -11 (base 11) in base 15?
-c
What is 24 (base 10) in base 7?
33
What is 13 (base 7) in base 3?
101
Convert -402 (base 7) to base 13.
-123
Convert -3 (base 11) to base 9.
-3
What is 124 (base 11) in base 15?
9c
Convert 1 (base 16) to base 2.
1
What is 64 (base 13) in base 4?
1102
Convert -43 (base 9) to base 5.
-124
Convert 22 (base 4) to base 7.
13
-440 (base 6) to base 7
-330
Convert 1332 (base 5) to base 8.
331
Convert -10110 (base 4) to base 9.
-336
Convert -10010 (base 2) to base 6.
-30
107 (base 15) to base 14
128
Convert 93 (base 14) to base 9.
153
115 (base 6) to base 10
47
Convert a (base 12) to base 11.
a
What is 131 (base 4) in base 7?
41
What is 5 (base 11) in base 14?
5
Convert -21 (base 8) to base 9.
-18
What is 1a (base 12) in base 14?
18
-183 (base 13) to base 9
-336
46 (base 16) to base 12
5a
What is -1 (base 14) in base 13?
-1
Convert -1 (base 12) to base 13.
-1
What is 3 (base 10) in base 11?
3
What is 20 (base 4) in base 2?
1000
Convert 10 (base 13) to base 5.
23
What is -4 (base 16) in base 2?
-100
What is -12 (base 13) in base 2?
-1111
-102022 (base 3) to base 8
-461
What is -98 (base 16) in base 12?
-108
What is -222 (base 4) in base 8?
-52
4 (base 7) to base 14
4
What is 101 (base 3) in base 11?
a
524 (base 7) to base 8
407
4 (base 5) to base 15
4
What is c (base 13) in base 5?
22
-3 (base 12) to base 13
-3
Convert -1 (base 4) to base 3.
-1
What is 35 (base 12) in base 10?
41
-44 (base 12) to base 15
-37
What is 2 (base 16) in base 10?
2
1110 (base 3) to base 15
29
-3 (base 7) to base 13
-3
68 (base 16) to base 9
125
What is -1100 (base 2) in base 15?
-c
What is -37 (base 11) in base 14?
-2c
3 (base 12) to base 2
11
What is -1001 (base 3) in base 6?
-44
What is 2 (base 12) in base 13?
2
What is 63 (base 16) in base 10?
99
-2a (base 12) to base 16
-22
What is -2 (base 3) in base 4?
-2
112 (base 4) to base 10
22
-1 (base 16) to base 2
-1
-1 (base 7) to base 5
-1
-22 (base 3) to base 13
-8
Convert 1 (base 8) to base 7.
1
Wha